 71, 0 = 4*d + 4*k - z. What are the prime factors of d?
2, 3, 11
Suppose 3*w + 2*c - 812 = 0, 7*w = 2*w + 2*c + 1364. List the prime factors of w.
2, 17
Let m(c) = c**3 + 57*c**2 + 52*c - 189. What are the prime factors of m(-56)?
5, 7
Suppose -4*b - 4672 = -4*c, -204 = -2*c - 4*b + 2156. List the prime factors of c.
2, 293
Suppose -2*c - 3*v = -24, v = -3 + 1. Suppose -5*x = -15 - 20. Let s = c - x. List the prime factors of s.
2
Suppose -3*g - 25 = o, -5*o - g = 2*g + 89. List the prime factors of 3/4 - (-4 - (-1252)/o).
83
Let h(t) = 47*t**2 + 9*t + 22. What are the prime factors of h(-6)?
2, 5, 83
Suppose -1040 = 3*s - 269. What are the prime factors of s/(-4) - 8/32?
2
Let b = -10 - -10. Suppose 15 = -g - b. What are the prime factors of 19 - (-5)/(g/9)?
2
Suppose 5*o + 2*l - 24 = 0, -2*l + 5*l - 3 = -2*o. Suppose 101 = i + 5*v, -o*i - 3*v = -3*i - 303. List the prime factors of i.
101
Let p = -23 + 43. Let q = -17 + p. Suppose 2*i - q*a = 18, -4*i + 50 = -2*i + 5*a. What are the prime factors of i?
3, 5
Let p(b) = 127*b**2 + 2*b + 3. Let v be p(2). Let l = -355 + v. List the prime factors of l.
2, 5
Let t(b) = -14*b - 1. Let m be t(7). What are the prime factors of (-15)/10*2*m?
3, 11
Let i(b) = -2*b**3 + 29*b**2 + 16*b + 13. Let j be i(15). Suppose j*r - 32*r = -348. What are the prime factors of r?
3, 29
Suppose -4*d + 5*g + 332 = 116, -d - 4*g = -75. What are the prime factors of d?
59
Suppose -4 = -3*y - 1. Let t be ((-15)/25)/(y/(-15)). Suppose -t = -w + 4. What are the prime factors of w?
13
Suppose 0 = v - 0 + 4. Let p be v/(-22) - 9149/(-77). Suppose y - 23 = -2*g, -4*y - 2*g = 27 - p. List the prime factors of y.
23
Suppose -3*t = 4*n - 1009, 4*n - 24*t = -25*t + 1019. What are the prime factors of n?
2
Let t(h) = 5*h - 20 - 13*h + 7*h. Let a be t(-9). Let m = a - -31. List the prime factors of m.
2, 5
Let u be (180/(-42))/(1/(-7)). Let c be u/(-6)*(-1 + 2). List the prime factors of ((-4)/(-12))/(c/(-660)).
2, 11
Let y = -1053 + 2679. What are the prime factors of y?
2, 3, 271
Let h(d) = 5*d**3 + 13*d**2 + 7*d + 3. Let m(b) = b**3 - b. Let w(l) = h(l) - 4*m(l). What are the prime factors of w(-12)?
3, 5
Let m be 201/(1 - 4)*-1. Suppose 10*c = -m + 1897. List the prime factors of c.
3, 61
Let z = 1506 + -649. What are the prime factors of z?
857
Let m = -747 - -1113. What are the prime factors of m?
2, 3, 61
Let i(y) = 14*y**3 + y**2 + 4*y + 7. Let s(v) = 7*v**3 + 2*v + 3. Let l(u) = -2*i(u) + 5*s(u). What are the prime factors of l(2)?
53
Suppose 0 = -2*d + d. Let c be d - 1*(-3 - 3). Suppose -c*m + 2*m = -52. List the prime factors of m.
13
List the prime factors of (-6 + 18)/60 + (-4529)/(-5).
2, 3, 151
List the prime factors of ((-12858)/(-8))/(22 - 519/24).
2, 2143
List the prime factors of (-8 - (10 - 18)) + 2125.
5, 17
What are the prime factors of (-2 + 4)*(36 + -1)?
2, 5, 7
Suppose -35*u + 11*u = -912. What are the prime factors of u?
2, 19
Suppose -k = -s + 2*s - 195, 0 = 5*k - 2*s - 968. List the prime factors of k.
2, 97
Let i be (-2)/(7/((-70)/4)). Suppose 15 = 5*v + i*l, 4*v - l - 9 = v. Suppose 0 = -5*w + 3*z + 38 + 47, 2*w - 34 = v*z. What are the prime factors of w?
17
Suppose -3*l = 2*b + 62 - 2, l = 3*b + 90. Let c = -24 - b. Let n(i) = i**2 - 5*i + 12. What are the prime factors of n(c)?
2, 3
Suppose 60 = 5*h + 5*s, -4*s = -h - 7*s + 10. Let m = -10 + h. Suppose 5*f - 46 = -2*p - p, 2*p + m*f = 30. List the prime factors of p.
2, 3
Suppose -2 + 17 = -3*b. Let k(m) = 4*m**2 + 8*m + 3. What are the prime factors of k(b)?
3, 7
Let s = 0 - -5. Suppose 2 = -y + 4*f + 15, 17 = s*y + 4*f. Suppose -60 = -y*c + 40. What are the prime factors of c?
2, 5
Let s(q) = q**2 + 3*q - 2. Suppose 2*b - 18 = 5*b. List the prime factors of s(b).
2
Let f = 23 + -16. Suppose d + f = 12. Suppose -5*w + 205 = 5*q, 10 - 92 = -2*w + d*q. What are the prime factors of w?
41
Let t = 0 - -5. Suppose 3*h - 2*s = 3*s - t, s = 2*h + 1. Suppose n = -4*b - 29 + 199, -3*b - 5*n + 136 = h. List the prime factors of b.
2, 3, 7
Let k(g) = -1 + 2*g**2 - 5*g + 0*g**2 + 4. Let s(m) = -m**2 - 7*m + 11. Let l be s(-8). List the prime factors of k(l).
2, 3
Let h(t) = 3*t**2 - 6*t + 3. Let u be 6/10*(-3 - 2). List the prime factors of h(u).
2, 3
Let c = -21 + 30. Suppose 2*x + 7 = -3*v, -x - 2*v = -3*v - c. Suppose 2*r - 2*i = 30, x*i - 20 - 37 = -5*r. List the prime factors of r.
13
Let v(u) = -11*u - 2. Let g be v(-6). Let l = g - 11. List the prime factors of l.
53
List the prime factors of 750/4*64/80.
2, 3, 5
Let y(c) be the third derivative of 11*c**4/24 - 9*c**2. List the prime factors of y(1).
11
Suppose -111*h + 97*h = -44702. List the prime factors of h.
31, 103
Suppose 3*z + 4*y + 3 = 0, -4*y - 24 = -4*z - 0*z. Suppose q + 65 = -z*h, -2*h - 337 = 5*q + h. What are the prime factors of -1*q/((-8)/(-2))?
17
Let j be (-3 - -5)/6 + (-370)/3. Let n = 213 + j. What are the prime factors of n?
2, 3, 5
Let p = 243 + -283. Suppose 20 = -n + 6*n. List the prime factors of p/(-3) - n/12.
13
Let b(o) = -3*o - 5. Let a be b(-6). Suppose 0 = 5*k + 2*s - a - 1, 0 = -4*s + 8. Suppose -3*z - 40 = -k*f, 0*z - 19 = -f + z. List the prime factors of f.
17
Let u(b) = b**3 + 3*b**2 - b. Let d(t) = 2*t - 10. Let y be d(7). What are the prime factors of u(y)?
2, 3
What are the prime factors of 616 - 5/(-2)*-2?
13, 47
Let p be -8*5*(-4)/16. Suppose -7*i + p = -2*i - 5*v, 5*v + 10 = 3*i. Suppose 2*w = -i*w + 92. What are the prime factors of w?
2, 23
Let d = -651 + 1124. List the prime factors of d.
11, 43
Let t(g) be the first derivative of g**4/4 - 5*g**3/3 - g**2/2 + 7*g - 7. List the prime factors of t(6).
37
Suppose 2*d - 10 - 2 = 0. Let m be -88 - d*(-8)/12. Let g = m - -140. What are the prime factors of g?
2, 7
Suppose 4*u = 24*u - 18140. List the prime factors of u.
907
Let f(m) = -2*m**3 - 2*m**2 + 2*m + 1. Let l(p) = p**2 + p - 13. Let o be l(0). Let i = -15 - o. What are the prime factors of f(i)?
5
Suppose 9*k = 8*k + 7. Suppose 546 + 308 = k*a. What are the prime factors of a?
2, 61
Let x(i) = -7*i**2 + 2*i**2 - i + 8 - 2*i**2 + 3*i + i**3. What are the prime factors of x(7)?
2, 11
Let r be 13/((-26)/(-48))*-2. List the prime factors of 50/(-4)*r/40.
3, 5
Let l be -2 + 4 - (3 - 4). Let u(j) = -6*j - 7. Let y be u(l). List the prime factors of 35/(-20)*(y - -1).
2, 3, 7
Let q be 40/70 + 3/7 + 262. Suppose 2*a = -3*x + q, -2*x - 671 = -5*a - 5*x. What are the prime factors of a?
2, 17
List the prime factors of 1 + (-2 - (-4 + -331)).
2, 167
Let d = 5695 - 3320. What are the prime factors of d?
5, 19
Suppose 4*k - 312 = 544. What are the prime factors of k?
2, 107
Let z = -1048 - -2215. What are the prime factors of z?
3, 389
Let w(o) = -2*o**2 + 17*o - 20. Let t be w(6). Let y(g) = 4*g - 32. List the prime factors of y(t).
2
Suppose -20 = -2*y + 4*h, 0 = 2*h + h + 15. Let z be -44 - ((1 - 4) + y). Let n = z + 68. What are the prime factors of n?
3
Suppose -45 = -c - 58. Let t(o) = o**2 - 4*o + 1. List the prime factors of t(c).
2, 3, 37
Let h be (-2)/((-8)/364) - -3. Let g = 183 - h. What are the prime factors of g?
89
Suppose 5*i + 5*t - 2423 = 3257, 4*i + t - 4559 = 0. What are the prime factors of i?
7, 163
What are the prime factors of (-4 - -1)/(7962/(-1326) + 6)?
3, 13, 17
Suppose 4*t + 20 = -5*s, -4*s = -3*s - t - 5. Suppose c + s = 2. Suppose 27 = c*j - 1. What are the prime factors of j?
2, 7
What are the prime factors of (9 - 8) + (2 - 1*-279)?
2, 3, 47
Let y be (-4)/(-18) - (-2 - 2228/18). List the prime factors of 2 - (-4 - y - 4).
2, 17
Let s = -1004 + 1628. What are the prime factors of s?
2, 3, 13
Let v(z) = -z**2 + 2*z - 1. Let a be v(1). Suppose a = 4*n - 2*n + 30. List the prime factors of (-390)/(-25) + (-6)/n.
2
Suppose -10433 = -2*w - 3*y, 0*w - 4*y = w - 5209. List the prime factors of w.
23, 227
Let u = 4571 + -1124. List the prime factors of u.
3, 383
Let t(x) be the third derivative of x**5/30 + x**4/8 - 8*x**2. List the prime factors of t(-6).
2, 3
Suppose 4*f = 2*b + 4195 + 5359, 2*f = -4*b + 4772. List the prime factors of f.
2, 3, 199
Let s(l) = -3*l + 267. What are the prime factors of s(-33)?
2, 3, 61
Let j(c) = c**3 + 6*c**2 - 10*c - 9. Let q(z) = -2*z + 13. Let k be q(10). Let o be j(k). Suppose -o = 4*b - 7*b. List th